45
Let l be (-1)/(3/(-135)*-3). Let v = l - -19. Let o = 94 + -92. Calculate the highest common divisor of v and o.
2
Let z = 16324 - 16319. Calculate the highest common divisor of 3060 and z.
5
Suppose 4*u - 5*t = -32, 2*u = 2*t - 20 + 6. Let g be (u/(-2))/((-13)/(-468)). What is the highest common divisor of 12 and g?
6
Let w = -4 - -7. Let r be 57/(-76) - 15/(-4). Suppose -5*i + 20 = 0, -11 = -r*c + 4*i - 0. What is the highest common factor of w and c?
3
Let c be 38/12*(-51 + 57). Let k(r) = -6*r - 69. Let v be k(-21). What is the highest common divisor of c and v?
19
Suppose 60*o - 56*o - 2*y + 42 = 0, 2*o = -5*y - 3. Let c be (1536/o)/(200/(-24) - -8). What is the greatest common divisor of c and 32?
32
Let o(h) = h**3 - 15*h**2 + 53*h + 53. Let c be o(9). Calculate the greatest common divisor of c and 844.
4
Suppose -16*y + 13415 = -10888 + 623. What is the greatest common factor of y and 200?
40
Suppose 174 = -5*q - 371. Let y = -104 - q. What is the highest common factor of y and 1?
1
Suppose 56*m + 20*r = 53*m + 138, -5*m + 12 = -3*r. Let c(b) = 192*b**3 + b - 1. Let o be c(1). Calculate the greatest common divisor of m and o.
6
Suppose 5350 = 64*r + 37*r - 2528. Let q = 2 + -2. Suppose q = y - 5*y + 104. Calculate the highest common factor of y and r.
26
Suppose -9*n + 14 = -76. Let r be -6*n/630 - (-1346)/21. What is the greatest common factor of 8 and r?
8
Suppose 14 = -14*w + 21*w. Let f(k) = k**2 + 10*k - 19. Let x be f(w). What is the greatest common factor of x and 1?
1
Let u = -1782 - -1804. What is the highest common factor of 1727 and u?
11
Let b be (-57)/(((-1)/1)/2). Suppose 5*d - 4*i - 60 = 0, -3*d + 92*i = 95*i - 36. What is the highest common divisor of b and d?
6
Let d(c) = 3*c + 60. Let q = -96 - -96. Let a be d(q). Calculate the greatest common divisor of 40 and a.
20
Let a be 12/2 - (3 - (-7 + 6)). Suppose a*m - 33 = -3*p, 6*m = p + 10*m - 21. What is the highest common divisor of 333 and p?
9
Suppose 4*w - 2*i = 3*i - 235, 3*w + 4*i + 215 = 0. Let k = w - -120. Let g = 47 - 36. What is the highest common factor of k and g?
11
Suppose a + 102 = 4*a. Suppose -7*n + 4062 = -96. Suppose -2*y + n + 154 = 0. Calculate the greatest common divisor of a and y.
34
Let l = 1945 + -880. What is the highest common factor of 60 and l?
15
Let i = -1461 + 2430. Calculate the greatest common divisor of 399 and i.
57
Suppose 0 = 20*v - 19*v + 9. Let s be 20 + (-1 - 4 - v). Calculate the greatest common factor of s and 3.
3
Suppose -70*i + 12 = -69*i. Suppose -2*z = -111 + 39. Suppose -15*l - z = -16*l. What is the greatest common divisor of l and i?
12
Let a(p) = 102*p**2 + 87*p + 32. Let w be a(-4). What is the greatest common divisor of w and 28?
28
Let i be (-17)/((-68)/8) - -15. Suppose -i*b = -234 - 769. What is the highest common factor of b and 472?
59
Let o = 24 + -23. Let g be 16/(-24) - 15/(-9). Let q be g/(o/12) + 26 + -24. Calculate the highest common factor of q and 28.
14
Let t be (2 - (-62964)/14) + (-188)/(-329). Calculate the highest common divisor of 120 and t.
60
Suppose 1173*t = 1157*t + 4368. What is the greatest common divisor of t and 403?
13
Suppose -2*y - 65 + 77 = -2*n, 0 = 3*y + 2*n + 2. Let g be 0/2 + -1 + 2. Calculate the greatest common divisor of g and y.
1
Let c(x) = -2*x**2 - 4*x + 10. Let l be c(0). Let m(b) = b**3 - 8*b**2 - 4*b - 17. Let o be m(l). Calculate the greatest common divisor of 13 and o.
13
Let x = -250 + 250. Let o(w) = w**3 - 4*w**2 + 3*w - 6. Let y be o(4). Let g be -4*(-33)/y - x. What is the greatest common divisor of g and 55?
11
Suppose 2*i = -0*c - c + 4, -2*i + 4*c + 4 = 0. Suppose i*j = 3*g + 332, 2*j = -j + g + 505. Calculate the highest common divisor of j and 13.
13
Suppose -15 = -5*c, -6883 = -5*u - 3*c - 2089. Calculate the greatest common divisor of 132 and u.
33
Let g(q) = -16*q**2 - 14*q + 2. Let t be g(-3). Let o be (14 - 10)*t/(-5). Let n = 14 - -6. Calculate the greatest common divisor of o and n.
20
Let y = 13 - 1. Let t(q) = -15 - 4 + 1 + 157*q - 164*q + 4*q**2. Let g be t(-2). Calculate the highest common divisor of y and g.
12
Let t be (-38)/((-2492)/(-630) + -4). What is the highest common factor of 180 and t?
45
Let p be 21/(-3)*4*-9. Let n = p + -142. Suppose 0 = 25*w + 304900 - 305150. Calculate the highest common divisor of n and w.
10
Let x(j) = 2*j**2 + 30*j + 6. Let k be x(7). Let n = k - 301. Calculate the greatest common factor of n and 13.
13
Let k(x) = 2*x + 7. Let y be k(0). Suppose y*n + 6 + 57 = 0. Let h be n/4 - -2 - 392/(-32). Calculate the highest common divisor of 30 and h.
6
Suppose -b = 4*s + 3*b - 56, -4*b + 65 = 5*s. Let n(t) = -3*t + 43. Let v be n(s). What is the highest common divisor of v and 40?
8
Let q = 38 + -32. Let y = q + 14. Suppose 5*g = -2*h - 3*h + y, 4*h + 38 = 5*g. Calculate the greatest common factor of g and 3.
3
Let p(h) = -130*h**3 + 12*h**2 - 216*h - 1081. Let j be p(-5). What is the highest common divisor of j and 26?
13
Let q = 6463 + -4006. Calculate the highest common factor of q and 182.
91
Let s be (29120/312)/((-4)/(-18)). Calculate the highest common factor of s and 294.
42
Suppose 1684 = -198*m + 194*m. Let f = m - -431. Calculate the greatest common divisor of f and 135.
5
Let b = 37981 - 20976. Calculate the greatest common factor of 19 and b.
19
Suppose 103*s + 65*s = 26*s + 264546. What is the highest common divisor of s and 54?
27
Let l(i) be the second derivative of -16*i**3/3 + 130*i**2 - 46*i. Let o be l(7). Calculate the greatest common factor of 120 and o.
12
Suppose 5*m - 11 = 19. Let b(u) be the third derivative of u**5/60 + u**4/6 - 5*u**3 - 44*u**2. Let c be b(8). What is the highest common divisor of c and m?
6
Suppose 0 = -118*m - 9*m + 521716. Calculate the greatest common divisor of m and 52.
52
Let z be 3/(-3) - 3*6/(-18). Suppose -3*u + 0*b + 1206 = -2*b, z = -5*b - 15. Calculate the greatest common factor of 16 and u.
16
Let y = 14794 + -12290. Calculate the greatest common factor of y and 8.
8
Let n(b) = -b**3 + 8*b**2 - 6*b. Let i be n(7). Suppose 0 = 4*t - 6*t + 4. Let c be t + -262*(28/(-8))/i. Calculate the greatest common factor of c and 19.
19
Suppose -12 = g + 5*b - 45, -3*g - 5*b = -79. Suppose 28*s - 65 = g*s. What is the greatest common factor of s and 286?
13
Suppose -30 = -2*k + h - 0*h, -3*h = 0. Let i = -5152 - -5302. What is the highest common divisor of k and i?
15
Let j = 74 - -22. Suppose j = z - 4*a, -a = 5*z - 2*a - 537. Calculate the greatest common factor of z and 12.
12
Let z = -11 - -18. Let c = -12 - -12. Suppose c = -4*h + 337 - 29. Calculate the highest common divisor of h and z.
7
Let l(o) = -40*o + 1590. Let d be l(39). What is the highest common divisor of 885 and d?
15
Suppose 0 = 14*d - 11*d - 18. Let v(a) = -4*a + 11*a + 14 + 20*a. Let j be v(d). Calculate the highest common divisor of 22 and j.
22
Let g(n) = -2*n - 11. Let d be g(-1). Let z be 1 - (-3)/d - 5745/(-9). What is the greatest common divisor of 71 and z?
71
Let d be 0/2 - (8 + -11). Suppose 242 = 5*n - 13. Calculate the greatest common factor of n and d.
3
Suppose 43*c + 27664 = -13*c. Let q = 530 + c. Suppose 5*t - 224 = 676. What is the greatest common divisor of q and t?
36
Let a be 140/23 - 32/368. Suppose -530 = -8*f + a*f. Calculate the highest common factor of f and 53.
53
Suppose -604 = -2*r + g, 57*g + 16 = 59*g. Calculate the highest common factor of 25398 and r.
306
Suppose -2*x + 2*u = -110, 5*x = 3*u + 12 + 263. Suppose 54*s + 1 = x*s. What is the highest common divisor of 8 and s?
1
Suppose -5516 = -4*k - 39*y + 35*y, 3*y = -4*k + 5523. Calculate the greatest common divisor of 363 and k.
33
Suppose 38808 = 13*w + 36*w. Let y = -765 + w. What is the highest common divisor of 12 and y?
3
Let w(y) = 103*y**2 - 265*y - 105. Let o be w(-6). Calculate the greatest common factor of 9 and o.
9
Let g(j) = 64*j**2 - 98*j + 647. Let q be g(7). Calculate the highest common divisor of q and 171.
19
Let x(c) = -7*c + 191. Let z be x(23). Calculate the greatest common factor of 618 and z.
6
Let m be 81/(-6)*(-2)/1. Let h be ((-48)/22)/(704/(-34848)). Calculate the highest common divisor of m and h.
27
Suppose -7*v - 4*v = -1419. Suppose 0 = 22*x - 32*x + 390. Suppose v = 7*o - x. Calculate